-5*i = 5*f + 18 - 8, l = i - 3. Calculate v(f).
8
Let r(m) = -m**3 - 6*m**2 - 6*m + 6. Let w(z) = -z**2 - 6*z - 5. Let t be w(-6). Determine r(t).
11
Suppose -47 = -5*c - 5*d + 2*d, 5*c = 3*d + 53. Let m(b) = b**2 - 9*b - 6. Give m(c).
4
Let r(m) be the second derivative of m**4/2 + m**3/6 + m. Let p be 2 + -8 - -3 - -15. Let b = -13 + p. What is r(b)?
5
Suppose 4*i + 4 = -3*u - 12, -2*i - 8 = -3*u. Let c(m) = -m + 21. Determine c(u).
21
Suppose 0*f - 5*f = 0. Let z(c) = c**2 + 3. What is z(f)?
3
Let d(q) = 11*q**2 - 5*q - 5. Let m(i) = 5*i**2 - 3*i - 2. Let h(c) = -4*d(c) + 9*m(c). Calculate h(5).
-8
Let h(y) be the second derivative of y**5/20 - 5*y**4/12 - 3*y**3/2 + 3*y**2 + 14*y. What is h(6)?
-12
Let t(j) = -j**2 + 4. Let x(h) be the first derivative of -h**3/3 - 2*h**2 - 2. Let c be x(-3). Suppose 2*q + c = q. Give t(q).
-5
Suppose -14 = -2*c + 2*x, 27 = 4*c - 5*x - 5. Let d(o) be the second derivative of -o**5/20 + o**4/3 - o**3/6 - o**2 + o. Give d(c).
4
Let c = -6 + 14. Let n = c - 3. Let r(z) = 3*z**2 - n*z**2 + z**2 - 1 - z. Calculate r(-2).
-3
Suppose 2*c = c + 11. Let y(z) = -z**3 + 6*z**2 - 3*z + 3. Let s(w) = 6*w**3 - 31*w**2 + 15*w - 14. Let a(f) = c*y(f) + 2*s(f). What is a(-5)?
-5
Let u be 48/28 + 6/21. Let j(g) = 0 - u*g - 2*g + 3 + g. Give j(-3).
12
Let i(a) be the second derivative of 0 + 6*a + 0*a**2 + 7/20*a**5 - 1/6*a**4 + 1/6*a**3. Give i(1).
6
Let c(d) = -d - 15. Let m be c(-15). Let q(y) = m*y**3 + 6*y - 27*y**2 + y**3 + 3 + 32*y**2. Give q(-4).
-5
Suppose -2*g = -6*g + 8. Let v(s) = -2 + 9 + 8*s**g + s + s**3 - 2. Calculate v(-8).
-3
Let c(h) = -h**2 + 5*h + 5. Suppose -2 = -r - 4. Let t(n) = n**2 + n + 2. Let y be t(r). Calculate c(y).
9
Let w(v) = -v**2 + 8*v - 9. Let b(u) = -3*u - 6. Let g be b(-4). What is w(g)?
3
Let q(a) = a**2 - 5*a. Let t be ((-16)/(-56))/((-2)/(-14)). Let k be (0 - -4 - t)*3. Determine q(k).
6
Let g(x) = 22*x**2 + 4*x - 23*x**2 - 5*x. Calculate g(3).
-12
Suppose 3*t - 3*s = 36, -4*t - 2*s = -0*s - 18. Let f = 5 - t. Let c be (f - 1)*12/9. Let q(a) = 2*a**2 + 6*a + 1. Determine q(c).
9
Let t = -3 + 3. Let d(j) = t*j + j - 1 - 9. Suppose 0 = -3*v - 6, 0*x - 4*v - 3 = x. Determine d(x).
-5
Let v(g) be the second derivative of g**6/360 - g**5/60 - g**4/6 - 4*g**3/3 - 2*g. Let c(k) be the second derivative of v(k). Determine c(4).
4
Suppose 0 = -3*z - 21 + 3. Let k be 12*(15/z)/5. Let m(q) = -q**2 - 6*q - 5. Determine m(k).
-5
Let j(s) be the second derivative of -s**4/6 + s**3/6 - s**2/2 - 5*s. Give j(2).
-7
Let y = 6 - 2. Let m(k) = 10*k**3 + k - 1. Let z be m(1). Suppose -z = y*q - 4*r + 14, -3*q = 3*r - 12. Let l(n) = -8*n**2 - 1. Give l(q).
-9
Let k(v) = -4*v - 2*v**2 - 3 + 2*v - 3*v + v**2. Calculate k(-6).
-9
Let l(f) = 9*f + 1. Let p(z) = 11*z + 2. Let o(s) = -5*l(s) + 4*p(s). Let v = 7 - 3. Determine o(v).
-1
Suppose -5*k = -7*v + 2*v - 30, 6 = -3*v. Let g(f) be the third derivative of -f**5/60 + f**4/6 + 2*f**3/3 + 8*f**2. Determine g(k).
4
Let x(l) = -7*l + 0*l + 7*l + 3*l - 3. Calculate x(4).
9
Let g(f) = -f**2 + 1. Let s(w) = 7*w**2 - 5. Let y be -1*6*25/(-15). Let m(o) = y*g(o) + 2*s(o). Suppose 0 = 2*z + 3*z - 5. Give m(z).
4
Let f(q) = 2*q**2 + 7*q + 5. Let v be f(-4). Suppose -3*a + 2*j - 4*j = -v, -5*a = j - 22. Let n(c) = -2*c + 0*c**2 - c**2 + 7*c - 1. Calculate n(a).
-1
Let x be 99/4 + 1/4. Suppose -c + 30 = x. Let y(u) = u + 3. Let p(o) = -3*o - 6. Let d(z) = -3*p(z) - 7*y(z). Determine d(c).
7
Let q(j) = -3*j**2 + 2. Suppose 3*u - 2*u = f + 25, 3*f + 45 = -3*u. Let x = 18 + f. What is q(x)?
-10
Let g(j) = 2*j - 22. Let p(u) = -3*u - 27. Let y(l) = 5*l + 41. Let f(m) = -8*p(m) - 5*y(m). Let w(x) = 9*f(x) + 4*g(x). Calculate w(6).
5
Let o be 3/(-9) - 60/(-18). Let n(z) be the second derivative of z**4/12 - 5*z**3/6 + 2*z**2 + z. Give n(o).
-2
Let u(g) = g. Let y = 25 - 17. Let l(d) = -d**3 + 8*d**2 - d + 5. Let c be l(y). Determine u(c).
-3
Suppose 3*k = -4*q - k, -q + 3*k = 12. Let y = -5 + q. Let s be ((-10)/y)/((-2)/8). Let g(n) = n**3 + 5*n**2 - 2. Calculate g(s).
-2
Let q = -10 + 2. Let s = q + 5. Let n(j) = 17*j - 8. Let i(r) = -72*r + 33. Let f(v) = -5*i(v) - 21*n(v). Calculate f(s).
-6
Let t(u) = -5*u + 1. Let w(f) = -f**3 + 18*f**2 - 18*f + 16. Let k be w(17). What is t(k)?
6
Let b(q) = 4*q**3 - 24*q**2 - 21*q - 22. Let a = -4 - -2. Let d(c) = -c**3 + 8*c**2 + 7*c + 7. Let v(o) = a*b(o) - 7*d(o). Determine v(-7).
-5
Let t(q) = 2*q + 19. Let w be t(-10). Let v(g) = g + 1. Give v(w).
0
Let i be ((-30)/(-4))/5*2. Suppose n - 6 = i*n. Let y(p) = p**3 + 5*p**2 + 3*p - 1. Determine y(n).
8
Let a be (-3)/(-12) - 7/(-4). Let n(i) = -i**2 + 5 - i**a + 2*i**2 + i**2 - 5*i. Determine n(5).
5
Let q(g) be the first derivative of 0*g - g**3 - 1/2*g**2 + 6 - 1/4*g**4. Determine q(-2).
-2
Suppose -2*f = -p - 17, -3*p + p = 6. Let c be -1*1 + -5 + 4. Let l = c + f. Let z(w) = -w**2 + 5*w - 3. Calculate z(l).
-3
Let b(z) = 7*z + 0 - z**3 + 1 + 0 + 6*z**2 + 5. Let t be b(7). Let l(q) = -t - q + 0 + 0*q + 3. What is l(-5)?
2
Suppose 5*l + 2 = 12. Let d(n) = -9*n + l - n**2 - 2*n**2 + 2*n**2. Let p be d(-9). Let a(z) = 2*z - 3. What is a(p)?
1
Let m(v) = -3*v**2 + 4*v + 4. Let k(w) = -4*w**2 + 5*w + 4. Let f(u) = 2*k(u) - 3*m(u). Let z be -5 - 11/((-44)/8). What is f(z)?
11
Let j be (0 - 2)/2 + 7. Suppose 2*n + 8 = 2*b - j*b, 0 = b + n + 2. Let r(i) = -3*i**3 + 5*i**2 + 2 + 4*i**3 - 2*i**2 + 5*i**3 + 2*i - 4*i**3. Give r(b).
-6
Suppose 3*p = -4*w - p + 8, -w + 4*p = -22. Let t(i) = -w - 7*i + 4 - 2 - i**2 - 1. What is t(-5)?
5
Let r be 30/(-36)*3/(-15). Let q(a) be the third derivative of -r*a**3 - 2*a**2 + 0 + 1/24*a**4 + 0*a. Determine q(2).
1
Let a(t) = t**2 - 10*t + 1. Let h = 13 - 3. Let g be a(h). Let w = g + -7. Let q(v) = v**2 + 6*v - 3. What is q(w)?
-3
Let s = -27 + 33. Let j(i) = i**3 - 5*i**2 - 6*i - 3. What is j(s)?
-3
Let y(u) = -u**3 + 3*u**2 + 2*u - 3. Suppose -1 = d + 2. Let c = d - -6. What is y(c)?
3
Suppose -z + 2*s = -5*z + 12, -5*z + 9 = 4*s. Suppose z*j = 3 + 2. Let c(r) be the first derivative of 5*r**3/3 - r**2 + r - 2. Give c(j).
4
Let s(d) = -d**2 + 5*d + 8. Let x(n) be the third derivative of n**4/24 + n**3/6 - n**2. Let r(k) = s(k) - 6*x(k). Let q = 2 + 0. Calculate r(q).
-4
Let c(o) = -o**2 - 2*o - 5. Suppose 2*w - 5 + 13 = 0. Give c(w).
-13
Let b(r) = -r**3 - 9*r**2 - 8*r + 4. Let f be b(-8). Let a(d) = f*d - d - 2*d. Determine a(5).
5
Let o(f) = -3*f + 2. Let w(u) = 16*u - 10. Let p(t) = 11*o(t) + 2*w(t). Suppose -2 = 5*d - 3*v, d = 4*v - 6 - 8. Give p(d).
0
Let c(p) = p**2 + 1. Let m(z) = 2*z**2 + 4*z - 4. Let l(a) = -c(a) + m(a). Determine l(-6).
7
Let d(m) = -2*m**2 - 7*m + 7. Let l(c) = -c**2. Let v(x) = -d(x) + 3*l(x). What is v(7)?
-7
Let g(y) = -2 - y**3 + 3*y + 4 + 5*y**2 - 6*y - 5. Let n(b) = b**3 + 5*b**2 - 6*b + 4. Let o be n(-6). Give g(o).
1
Suppose -2*f + 40 = 3*f. Let s = -5 + f. Let h be (6/(-4))/(s/4). Let v(y) = y**3 + y**2 + y + 2. What is v(h)?
-4
Let o(h) be the first derivative of -h**2 - 2*h - 4. Let y be (1 - 0)/((-1)/(-2)). What is o(y)?
-6
Let n(r) = -2*r + r + 5 + 2. What is n(11)?
-4
Let r(s) = 5*s + 1. Let o be 2*1/4*10. Suppose -6 = -3*t - 4*n - 1, -o*n - 20 = -5*t. Suppose 25 = 5*k - t*x, 5*k + 2*x = 3*x + 15. What is r(k)?
11
Suppose 6*l + 13 - 1 = 0. Let k(o) = 13*o + 3. Calculate k(l).
-23
Let l(c) be the first derivative of -c**2/2 - c - 4. Determine l(2).
-3
Let q(s) = -2*s + 3 - s + s. Suppose 4 + 0 = c. What is q(c)?
-5
Let g(k) be the first derivative of k**4/4 + k**3/3 - k**2/2 - 8*k + 2. Give g(0).
-8
Suppose 6 = 2*u - 0. Let o(c) = -c**2 - 4*c - 2. Let j be o(-2). Let f(h) = -2 + 5 + 0*h**j - 3*h + 0 + h**2. Determine f(u).
3
Let d(r) = -3*r + 10*r**2 + 12*r**2 - 21*r**2 - r - 1. Give d(3).
-4
Suppose -n + 5*k - 3*k = 0, 0 = 4*k + 8. Let x(g) = -8*g + 27. Let o(p) = -23*p + 76. Let v(i) = -6*o(i) + 17*x(i). Determine v(n).
-5
Suppose -4*f - 14 = 5*m, 0 = 3*m - 0*m - 2*f + 26. Let w(y) = -y**3 - 5*y**2 + 6*y + 1. Give w(m).
1
Let l(g) = -4 - 20*g + 11*g + 12*g + g**2 + 5*g. Determine l(-9).
5
Suppose 4 - 8 = 4*a. Let w(q) = -6*q**3 - 2*q**2 + 1. Determine w(a).
5
Let l(k) = -2*k**2 + 3*k**2 + 0*k + 0*k + 2 + k**3. Let d = 8 - 2. Suppose d*j - 3*j = 0. Give l(j).
2
Let m(z) = -z**3 + 3*z**2 + 5*z. Let p(w) = w